of 7/(w/6) + (-3789)/(-33).
5, 23
Let m = 3150 + 4769. What are the prime factors of m?
7919
List the prime factors of (1/(-3) + -1)/((-158)/(-711)) + 12455.
59, 211
Let z = 39 - 39. Suppose -g = -3*v + 35, g + 0*g + 2*v + 10 = z. Let s = g - -58. List the prime factors of s.
2, 19
Let u(j) = 112*j + 50. Let l be u(22). Suppose -l = -10*i + 4*i. What are the prime factors of i?
419
Let c(f) = 28*f**2 + 6*f + 604. What are the prime factors of c(-49)?
2, 33769
Let r(x) = x**2 - 9*x + 23. Let b be r(4). Suppose 2*o - 1508 = -b*m - m, -5*m + 1885 = -5*o. What are the prime factors of m?
13, 29
Let g(t) = 1558*t**2 - 46*t + 26. List the prime factors of g(-3).
2, 41, 173
Let z = 65931 + -30941. List the prime factors of z.
2, 5, 3499
Let z(i) = -i**3 + 25*i**2 - 16*i - 510. List the prime factors of z(21).
2, 3, 17
Suppose 1136698 + 6316648 = 307*i. List the prime factors of i.
2, 61, 199
Let v = 168 - 177. What are the prime factors of 0 + 582 + v + 4?
577
Suppose 0 = -13*t - 4268 + 112610. What are the prime factors of t?
2, 3, 463
Let w = 10035 + -1827. List the prime factors of w.
2, 3, 19
Suppose -2*s - 5*z + 2310 = -281, -5*s - 2*z = -6446. Suppose s = 4*a + 352. What are the prime factors of a?
2, 3, 13
Let n be (8/2)/(-2) - 2. Let g(b) = b**3 + 5*b**2 - 4*b - 7. Let h be g(n). Suppose 151 = t + h. List the prime factors of t.
2, 3, 7
Let n(o) = -o**3 + 13*o**2 + 14*o + 33. Let q be n(15). Let h = q - -307. List the prime factors of h.
2, 5
Suppose -5*w + 16 = 6. Let u be (1 - w)/(2/(-6))*1. Suppose -2 = 3*a + 2*y - 40, -3*a + u*y = -33. What are the prime factors of a?
2, 3
Suppose 58*h - 415149 = 5*h. What are the prime factors of h?
3, 7, 373
Suppose 0 = -199*r + 207*r - 41240. What are the prime factors of r?
5, 1031
Suppose 0 = 3*h - 7 - 8. Suppose 0 = -4*c + 3*v - v + 86, -3*c - h*v = -71. Let x = c - -4. What are the prime factors of x?
2, 13
Let m be 1950/14 - (-4239)/(-3297). Let g(s) = -17*s + 1. Let i be g(-2). Let n = m - i. List the prime factors of n.
103
Let b(l) = l**3 - 20*l**2 - 7*l + 56. Let p be b(19). Let q = p - -813. What are the prime factors of q?
3, 5
Let a = -37852 + 69550. List the prime factors of a.
2, 3, 587
Let o be 5/20 + 9/12. Let m be (-15)/10*o*16/3. List the prime factors of m/10*((-121)/1 - 4).
2, 5
Suppose -153 + 9 = -36*s. Suppose -4607 = -4*y + 5*q, 5*y - 9*q = -s*q + 5765. What are the prime factors of y?
2, 3, 193
Let j = -31 + 5. Let u(t) = -14*t - 83. What are the prime factors of u(j)?
281
Suppose 30*q - 7614 = 3*q. List the prime factors of q.
2, 3, 47
Let i be (-24 + 6)*21/9. List the prime factors of 21/i - (-1159)/2.
3, 193
Suppose -248*l - 65885 = -574210 - 146395. What are the prime factors of l?
2, 3, 5, 11
Suppose -1029 = -u - v, -35*u + 3*v = -33*u - 2043. What are the prime factors of u?
2, 3, 19
What are the prime factors of (-19)/(-19) + 3 + 4064?
2, 3, 113
Let c(m) = -2*m**2 + 28*m - 24. Let g be c(13). Suppose -3*n = 3, -g*o + 3*o - 7 = 3*n. What are the prime factors of o?
2
Let d(h) = 18*h**2 - 34*h - 6. Let g = 169 - 164. What are the prime factors of d(g)?
2, 137
Let q = -573 - -10275. List the prime factors of q.
2, 3, 7, 11
Let i be (0 - (-4 + 3))/((-1)/13). Let g(b) = 16*b - 26. Let c be g(i). Let k = -80 - c. List the prime factors of k.
2, 7, 11
Let m = 6 - 1. Suppose 3*n = d - 233, -3*d - m*n = -8*d + 1135. Let f = -132 + d. List the prime factors of f.
2, 23
Let p(c) = 3*c - 13. Suppose 4*a + 26 = -x + 2*a, 0 = 4*x - 3*a + 71. Let y be p(x). Let w = y + 218. What are the prime factors of w?
5, 29
Let g = -122 + 99. Suppose 0 = 4*t + t - 55. Let o = t - g. List the prime factors of o.
2, 17
What are the prime factors of (11346/(-5))/(13*37/(-2405))?
2, 3, 31, 61
Suppose 7306 = 4*j - 2*j. Let u = j + -1762. Suppose 9*o - u = 827. List the prime factors of o.
2, 151
Suppose 5*t = -3*b - 8, -9*t + 2 = b - 5*t. Let n(j) = -j**3 + 3*j**2 + 8*j - 17. List the prime factors of n(b).
7, 37
Suppose 4*z = 2*r + 1924, -z - 2*z - 3*r + 1434 = 0. Let a = z - 294. What are the prime factors of a?
2, 3, 31
Suppose -4*i + 4*d = d - 18, 0 = -d - 2. Suppose -i*w + 239 = y, -6*y + 5*w - 701 = -9*y. List the prime factors of y.
227
Let g(x) = x**2 + 5*x + 3. Let w be g(0). Suppose -5*b - 4*a = -66, 4*b - a - 24 = w*a. List the prime factors of (8/b)/((-18)/(-3420)).
2, 19
Suppose t = 5*l - 23, 2*t + 8*l - 4*l + 4 = 0. Let g be (t/(-6))/((-3)/(-45)). Suppose -3*k + 4*j = -g, 0 = -k - k - 4*j + 20. What are the prime factors of k?
2
Let m be (5/10)/(5/50). Suppose -15 = 5*u, 0*x - 4*u = -m*x + 1267. What are the prime factors of x?
251
Let j(l) be the third derivative of -l**6/120 + 13*l**5/30 - 3*l**4/8 - 77*l**3/6 + 75*l**2 + 2*l. What are the prime factors of j(24)?
859
Let x be (-2 + 1)/(2/(-1646)). Let g = x - 242. What are the prime factors of g?
7, 83
Let a(z) = z**2 - 6*z - 79. Let t be a(13). Suppose -4*v - 6208 = -t*v. What are the prime factors of v?
2, 97
Suppose 21*i + 10*i = 508772. What are the prime factors of i?
2, 11, 373
Let g be 9*(-2)/3*1/(-2). Suppose g*m - 1466 = -5*w, -3*m + 8*m + w - 2458 = 0. What are the prime factors of m?
2, 3, 41
Let z be (-3 + 0)*((-62)/(-3))/1. Let m = 67 + z. Let l = 75 - m. What are the prime factors of l?
2, 5, 7
Let s(k) = 1907*k + 734. What are the prime factors of s(3)?
5, 1291
Suppose -2*a + 5282 = 4*g, 1624 = g + 5*a + 290. List the prime factors of g.
1319
Let f(i) = 2*i**2 - 2*i. Let z be f(2). Suppose 2*m - z*t - 640 = 458, 0 = -2*m - 3*t + 1077. List the prime factors of m.
3, 181
Let u = 29 - 27. Suppose -u*h + 3*j - 5 = -15, 4*h + 2*j - 4 = 0. What are the prime factors of ((-348)/h - (13 + -10))/(-1)?
3, 59
Suppose 5*v + 6 - 101 = 0. Let t(n) be the second derivative of n**4/4 - 43*n**3/6 - 4*n**2 + 5*n. What are the prime factors of t(v)?
2, 3, 43
Let d(m) = 23*m - 5. Let h(g) = -4*g + 2. Let p(y) = 3*y - 2. Let z(c) = -4*h(c) - 5*p(c). Let n be z(2). What are the prime factors of d(n)?
3, 29
Let t = 960 - -1426. What are the prime factors of t?
2, 1193
Suppose -r + 35055 = 3*y, -105195 = -3*r - 303*y + 304*y. List the prime factors of r.
2, 3, 487
Suppose 2*l - 1190 + 5542 = 0. Let k = -1272 - l. What are the prime factors of k?
2, 113
What are the prime factors of (-495)/(-11)*(-1428)/(-18)?
2, 3, 5, 7, 17
Let o(r) = -514*r + 8776. What are the prime factors of o(-15)?
2, 8243
Suppose -2*q + 3*u + 20629 = 0, -648*q + 2*u = -643*q - 51600. List the prime factors of q.
2, 13, 397
Suppose 2*d = 6*d + 3*b - 341, 3*d - b - 272 = 0. Let y = d + 97. Suppose -3*z + y = 3*o + 2*z, 0 = -3*z. What are the prime factors of o?
2, 31
Suppose 2*r + w - 46 = -3*w, 2*w - 81 = -3*r. Let p = 94 + r. What are the prime factors of p?
3, 41
Suppose -5*u - 4681 + 11954 = 2*o, u = o + 1456. List the prime factors of u.
3, 5, 97
Let u(f) = f**3 + 5*f**2 - 3*f + 20. Suppose 2 - 74 = 12*c. Let r be u(c). Suppose -3*j = 5*h - 476, j - 37 = r*h + 118. What are the prime factors of j?
157
Suppose 5*n - 9231 = -12*n. Suppose -4*w - 2737 = -19*s + 14*s, 0 = s - 3*w - n. List the prime factors of s.
3, 61
Suppose -8*p + 6*p = -22. Let n(z) = 6 + 7 + p*z + 8*z - 10. What are the prime factors of n(4)?
79
Suppose 5*r = -2*g - 17 + 10, -15 = 5*r. Suppose 0 = 6*a + g*h - 1594, 4*h + 1076 = 4*a - 0*h. What are the prime factors of a?
3, 89
Let g be -2 - -6 - 8/(-2). Suppose a + 3*c + g = 0, a + 0*c + 2 = -c. What are the prime factors of (-232 + 20)/((-2)/a)?
2, 53
List the prime factors of (7 - 0/12 - (-2 + 3)) + 374.
2, 5, 19
Suppose -24*q - 613124 + 1208962 = -707506. List the prime factors of q.
2, 3, 7, 431
Let i(s) be the first derivative of 283*s**3/3 - 11*s**2/2 + 16*s - 131. What are the prime factors of i(2)?
2, 563
Suppose -z - 2*t + 578 = 0, -15 = -9*t + 4*t. Let j = 1006 - z. What are the prime factors of j?
2, 7, 31
Let d(o) = o**3 - 7*o**2 - 5*o - 11. Let h(x) = -x**3 + 16*x**2 - 12*x - 6. Let u be h(15). Suppose 36*g + 24 = u*g. List the prime factors of d(g).
13
Let p = 610 - 622. List the prime factors of (2 + 268/p)*-66.
2, 11, 61
Let d(k) = k**2 - k + 6. Let a be d(-4). Let s = a + 74. What are the prime factors of (-12 + 11)*(1 - 2 - s)?
101
Let v = 27828 - 11106. What are the prime factors of v?
2, 3, 929
Let c(i) = -3*i**2 + 23*i + 11. L